0442?
0
What is the hundred thousands digit of 14683109?
6
What is the thousands digit of 72724?
2
What is the millions digit of 3381903?
3
What is the tens digit of 1088447?
4
What is the hundreds digit of 170202?
2
What is the tens digit of 496016?
1
What is the thousands digit of 33405129?
5
What is the tens digit of 1250569?
6
What is the hundred thousands digit of 659760?
6
What is the thousands digit of 3981473?
1
What is the tens digit of 10558369?
6
What is the hundred thousands digit of 342698?
3
What is the tens digit of 4865131?
3
What is the thousands digit of 16874696?
4
What is the hundred thousands digit of 429035?
4
What is the hundreds digit of 751704?
7
What is the ten thousands digit of 4177790?
7
What is the units digit of 23426112?
2
What is the hundred thousands digit of 905169?
9
What is the hundred thousands digit of 1552465?
5
What is the tens digit of 431863?
6
What is the millions digit of 30050078?
0
What is the hundred thousands digit of 1330488?
3
What is the units digit of 502095?
5
What is the units digit of 517394?
4
What is the thousands digit of 10428976?
8
What is the ten thousands digit of 2964489?
6
What is the hundred thousands digit of 2701529?
7
What is the thousands digit of 1962900?
2
What is the hundreds digit of 27477144?
1
What is the hundreds digit of 428544?
5
What is the thousands digit of 258149?
8
What is the hundreds digit of 26869415?
4
What is the thousands digit of 599528?
9
What is the hundreds digit of 749743?
7
What is the tens digit of 3210449?
4
What is the ten thousands digit of 609809?
0
What is the tens digit of 1170715?
1
What is the hundreds digit of 10804329?
3
What is the hundreds digit of 96422?
4
What is the ten thousands digit of 3240007?
4
What is the units digit of 7150226?
6
What is the units digit of 1757840?
0
What is the thousands digit of 1723888?
3
What is the units digit of 19609258?
8
What is the ten thousands digit of 495622?
9
What is the hundreds digit of 931007?
0
What is the units digit of 10334?
4
What is the millions digit of 1241741?
1
What is the units digit of 18639548?
8
What is the tens digit of 266014?
1
What is the units digit of 1535794?
4
What is the tens digit of 165227?
2
What is the ten thousands digit of 635931?
3
What is the ten thousands digit of 10756946?
5
What is the ten thousands digit of 2452123?
5
What is the thousands digit of 4709756?
9
What is the tens digit of 1781229?
2
What is the units digit of 1448314?
4
What is the hundred thousands digit of 9311190?
3
What is the ten thousands digit of 5874763?
7
What is the hundred thousands digit of 210126?
2
What is the hundreds digit of 285724?
7
What is the thousands digit of 1344414?
4
What is the units digit of 4503508?
8
What is the hundreds digit of 556337?
3
What is the units digit of 4596759?
9
What is the tens digit of 177125?
2
What is the thousands digit of 23955164?
5
What is the hundreds digit of 2896949?
9
What is the tens digit of 143915?
1
What is the tens digit of 1018849?
4
What is the tens digit of 4628926?
2
What is the units digit of 5903084?
4
What is the ten thousands digit of 421593?
2
What is the hundreds digit of 194989?
9
What is the thousands digit of 931443?
1
What is the units digit of 1752630?
0
What is the thousands digit of 31037?
1
What is the tens digit of 57844?
4
What is the units digit of 185142?
2
What is the ten thousands digit of 749049?
4
What is the thousands digit of 1950003?
0
What is the hundred thousands digit of 906672?
9
What is the hundreds digit of 946820?
8
What is the units digit of 5808475?
5
What is the ten millions digit of 25649959?
2
What is the thousands digit of 458333?
8
What is the hundreds digit of 18091247?
2
What is the hundreds digit of 225953?
9
What is the tens digit of 296084?
8
What is the hundred thousands digit of 268276?
2
What is the hundreds digit of 234069?
0
What is the units digit of 1124036?
6
What is the hundred thousands digit of 273443?
2
What is the units digit of 314262?
2
What is the hundred thousands digit of 516561?
5
What is the units digit of 20834480?
0
What is the tens digit of 4351002?
0
What is the ten thousands digit of 3073898?
7
What is the hundreds digit of 55095?
0
What is the units digit of 242331?
1
What is the tens digit of 954983?
8
What is the hundred thousands digit of 990720?
9
What is the tens digit of 286060?
6
What is the hundred thousands digit of 3451458?
4
What is the hundreds digit of 6988969?
9
What is the ten thousands digit of 332370?
3
What is the tens digit of 1024762?
6
What is the units digit of 4341468?
8
What is the millions digit of 3350184?
3
What is the units digit of 292798?
8
What is the ten thousands digit of 2783925?
8
What is the thousands digit of 65251?
5
What is the tens digit of 14926903?
0
What is the units digit of 449716?
6
What is the hundreds digit of 3207241?
2
What is the ten thousands digit of 179869?
7
What is the tens digit of 10400944?
4
What is the hundred thousands digit of 2520144?
5
What is the hundred thousands digit of 152908?
1
What is the units digit of 289747?
7
What is the units digit of 500481?
1
What is the tens digit of 334220?
2
What is the thousands digit of 546485?
6
What is the tens digit of 805840?
4
What is the units digit of 390180?
0
What is the tens digit of 441908?
0
What is the hundreds digit of 676921?
9
What is the ten thousands digit of 846530?
4
What is the tens digit of 2321653?
5
What is the ten thousands digit of 23093858?
9
What is the thousands digit of 888390?
8
What is the ten millions digit of 26351636?
2
What is the ten thousands digit of 602029?
0
What is the hundred thousands digit of 623216?
6
What is the hundred thousands digit of 2018286?
0
What is the hundreds digit of 407792?
7
What is the thousands digit of 2878041?
8
What is the hundred thousands digit of 124063?
1
What is the ten thousands digit of 2754957?
5
What is the units digit of 121913?
3
What is the thousands digit of 7370835?
0
What is the tens digit of 173936?
3
What is the tens digit of 668117?
1
What is the thousands digit of 164890?
4
What is the ten thousands digit of 701704?
0
What is the tens digit of 3119062?
6
What is the thousands digit of 16923322?
3
What is the units digit of 418263?
3
What is the millions digit of 8699030?
8
What is the hundreds digit of 162731?
7
What is the tens digit of 27140?
4
What is the tens digit of 11260193?
9
What is the tens digit of 3970656?
5
What is the ten thousands digit of 131798?
3
What is the thousands digit of 160221?
0
What is the ten thousands digit of 3926647?
2
What is the millions digit of 1081834?
1
What is the ten thousands digit of 486333?
8
What is the tens digit of 211773?
7
What is the thousands digit of 1702502?
2
What is the tens digit of 2012779?
7
What is the units digit of 40821253?
3
What is the millions digit of 3036782?
3
What is the tens digit of 581167?
6
What is the ten thousands digit of 3261282?
6
What is the hundred thousands digit of 273840?
2
What is the hundred thousands digit of 238966?
2
What is the units digit of 260531?
1
What is the tens digit of 161025?
2
What is the ten thousands digit of 313439?
1
What is the ten thousands digit of 60057?
6
What is the tens digit of 28484326?
2
What is the thousands digit of 734681?
4
What is the hundreds digit of 1304212?
2
What is the hundred thousands digit of 1985213?
9
What is the hundred thousands digit of 917863?
9
What is the units digit of 28601467?
7
What is the thousands digit of 32094951?
4
What is the units digit of 196356?
6
What is the hundred thousands digit of 11334774?
3
What is the tens digit of 6626217?
1
What is the millions digit of 11335059?
1
What is the hundred thousands digit of 5382938?
3
What is the hundred thousands digit of 814423?
8
What is the ten millions digit of 11090927?
1
What is the units digit of 4914775?
5
What is the thousands digit of 29735?
9
What is the millions digit of 16200990?
6
What is the hundreds digit of 335139?
1
What is the hundreds digit of 857038?
0
What is the hundreds digit of 1605190?
1
What is the units digit of 214613?
3
What is the thousands digit of 8322060?
2
What is the hundreds digit of 47055?
0
What is the units digit of 3648583?
3
What is the ten thousands